What is the units digit of d?
6
Let a = -9 - -16. Let x = a + -21. Let c = 25 + x. What is the units digit of c?
1
Suppose 5*j = -2*x + x + 158, 0 = 5*j + 2*x - 156. What is the units digit of j?
2
Suppose -25*d = -24*d - 17. What is the tens digit of d?
1
What is the units digit of (12224/224)/(1 - 6/7)?
2
Let m(d) = 3*d + 4. Let x be (-1)/(-2) + (-10)/(-4). What is the units digit of m(x)?
3
Let q(o) = -8*o + 9. Let i(l) = l - 1. Let b(v) = -6*i(v) - q(v). Suppose -d - 2*g = -0*d - 12, -d + 4*g - 18 = 0. What is the units digit of b(d)?
1
Let r be ((-2)/4)/(1/(-132)). Let b be r*((-3)/1 - -1). What is the units digit of b/(-9) - 2/3?
4
Let p be 1 + 3 + (-5)/5. Suppose -n = -4*n + 6. Suppose -h = n*h - p. What is the units digit of h?
1
Let t(g) = -g**3 - g. Let n be t(0). Let v = 1 + n. Let o = v - -3. What is the units digit of o?
4
Let y be -1 + -2 + 1 - -4. Suppose 3*j = 5*n + 10, -y*j + 5*n + 18 = 8. Suppose u + 0*u - 4 = j. What is the units digit of u?
4
Suppose 0 = -s + 5*s - 20. Suppose 5 - 3 = -u - s*n, 3*u = -3*n + 6. Suppose 15 = -0*w + u*w. What is the units digit of w?
5
Suppose 3*m - 101 = -4*c + 79, 5*m + 180 = 4*c. What is the units digit of c?
5
Let q = -273 + 562. What is the units digit of q?
9
Suppose 5*y - 640 = -3*y. What is the tens digit of y?
8
Suppose -4*z + 1 = -267. What is the tens digit of z?
6
What is the units digit of 92/6 + 32/48?
6
Let i(k) = 4*k - 2. Suppose -3 = 2*j + 3. Let u = 5 + j. What is the units digit of i(u)?
6
Let b = -29 + 59. Suppose -4*t - b = -5*t. What is the units digit of t?
0
Suppose o - 6*o = -20. Let w = 13 + o. What is the units digit of w?
7
Let a(l) = -l**3 + 5*l**2 + 6*l + 4. Let f be a(5). Suppose 2*u + 2*u - 2*y = f, -58 = -3*u - 5*y. What is the units digit of u?
1
Let m(d) = -d - 10. Suppose 0*b - 5*a = 4*b + 43, 5*b + 5*a = -50. Let v be m(b). What is the tens digit of 4*v/(-6)*5?
1
Suppose 7*z = 5*z + 6. Suppose 17 + 4 = z*l. Let p = l - 0. What is the units digit of p?
7
Let d(k) = k + 12. Let g(v) = -2*v + 7. Let m be g(-7). Let y be m/(-2) - 4/(-8). What is the units digit of d(y)?
2
Suppose -b + 3 = 2. Suppose -9 + b = -3*k + 4*g, -3*k + 10 = -2*g. Suppose 2 = -k*y + 6. What is the units digit of y?
1
Suppose -w - 4*h = 3*w - 76, w - 3*h = -1. What is the tens digit of w?
1
Let h = 235 - 131. What is the hundreds digit of h?
1
Let t = 89 - 69. What is the tens digit of t?
2
Let h be (1 + 0)/(10/(-110)). Let y = 16 + h. What is the units digit of y?
5
Let v(a) = a**3 - 7*a**2 + 3*a + 5. Let u be v(7). Let c = u + 5. What is the units digit of c?
1
Suppose -11*t + 630 + 503 = 0. What is the units digit of t?
3
Let x = 1 + -2. Let r(z) = -z**2 + z. Let n be r(x). What is the units digit of (-5)/n - (-1)/2?
3
Suppose u - 6*u + 210 = 0. What is the tens digit of u?
4
Suppose -2*n + 10 + 0 = 0. Suppose p - 4*t - 18 = 0, 5 = 2*p - n*t - 31. What is the tens digit of p?
1
Let z = -217 + 424. What is the tens digit of z?
0
Suppose 0 = w + 1 - 2. Suppose -w = -x + 8. What is the units digit of x?
9
Let i(s) = -s - 2 + 3*s + 16*s**2 - 1. Let z be i(2). Suppose -5*c + z = -20. What is the units digit of c?
7
Suppose 0 = 4*z, l + 2 = -l + z. Let s(f) = -2*f. Let c be s(l). Suppose -4*u = -5*y + c*y + 15, -12 = -4*u. What is the units digit of y?
9
Let z = 83 + -11. What is the units digit of z?
2
Let h = -4 + 151. What is the hundreds digit of h?
1
Suppose 0 = o + 3*o - 20. Suppose -o = 3*z + 10. Let c(t) = -4*t - 7. What is the units digit of c(z)?
3
Let s = 1 - -2. Let w = 2 + s. Suppose -w*x - 7 = -52. What is the units digit of x?
9
Suppose -5*a + 5*b = 15, 3*a = 5*a + 3*b - 14. What is the units digit of a?
1
Let a(v) = -v - 2. Let c be a(-7). Suppose -c*u + 4 = -1. What is the units digit of u*(10 + (1 - 2))?
9
Suppose -4*f = 12 - 52. What is the tens digit of f?
1
Suppose 3*k - 5*c = 3 + 63, -3*k + 36 = 5*c. Let h = k - 5. What is the tens digit of h?
1
Suppose 2*d - 5*z - 17 = 0, -5*z - 15 = -5*d + 20. Let c be 2/d + 8/12. Let k = 10 - c. What is the units digit of k?
9
Let h(v) = -81*v + 1. What is the tens digit of h(-1)?
8
Let p(k) be the second derivative of k**5/20 + 7*k**4/12 + 7*k**3/6 + 7*k**2/2 + 2*k. Let m be ((-1)/2)/(2/24). What is the units digit of p(m)?
1
Let q = 6 - 6. Let n be -16*(2 + -3 - q). Suppose 0 = -4*b - 4, 5*m - 5*b + n = 71. What is the units digit of m?
0
Suppose 1 - 13 = 3*r, 4*r = 4*o - 136. What is the units digit of o?
0
Let x = 227 + -76. What is the units digit of x?
1
Let q(b) be the second derivative of b**4/12 - 4*b**3/3 - 5*b**2/2 + b. Let y be q(9). Let j = y + 9. What is the units digit of j?
3
Let u be ((-32)/12)/(8/(-12)). What is the units digit of ((-29)/u)/((-13)/52)?
9
Let c(v) = -v**3 + 15*v**2 - 14*v + 14. What is the units digit of c(14)?
4
Let m = 9 - 4. Let v(b) be the second derivative of b**4/12 - 5*b**3/6 + 2*b**2 - 4*b. What is the units digit of v(m)?
4
Suppose 29 + 3 = 8*f. What is the units digit of f?
4
What is the units digit of 5/10*-2 - 198/(-3)?
5
Suppose -s + 3*s - 196 = 0. Let c = -30 + s. Suppose 5*d - 4*y - 4 - c = 0, -2*d - 3*y = -38. What is the units digit of d?
6
Let g be 2*3/(-3)*-4. Let b = 9 - g. What is the tens digit of (0 + -2 + b)*-15?
1
Let t(l) = -l**3 + 4*l**2 + 6*l - 1. Let i = -3 + 5. Suppose d = i*d - 5. What is the units digit of t(d)?
4
Let v(h) = -h + 7. Let i be v(5). Let z(n) = -2 - n**2 + 3 + 4*n**i. What is the units digit of z(1)?
4
Let n be -2*(-3 - (2 + 3)). Suppose x = -2 + n. What is the units digit of x?
4
Suppose 0 = 2*q + 3*i + 33, 4*i + 10 = -2. Let l = 4 - q. What is the units digit of l?
6
Suppose m - 2*m + 5*p = -13, 0 = -2*m + 3*p + 33. What is the units digit of (-2)/(m/33)*-3?
1
Suppose 5*a - 6 - 9 = 0. Suppose 2*f = -p - 7, 0*f + 17 = -2*f - a*p. Let h = f + 18. What is the units digit of h?
7
What is the units digit of 2/4 + (-6)/(-4)?
2
Let t(p) = 4*p**2 + 12*p - 8. What is the units digit of t(5)?
2
Let l(d) = -d**2 + 7*d + 1. Suppose 3*a - 4*a + 1 = 0. Let o = 6 - a. What is the units digit of l(o)?
1
Suppose z + 50 = 6*z. Suppose 2*p = p + z. What is the tens digit of p?
1
Let l = 392 - 278. What is the tens digit of l?
1
Let w be -81 - (-3 - (-4 + -2)). What is the tens digit of (w/10)/((-7)/35)?
4
Let l(v) = 5*v**2 + 12*v - 4. What is the hundreds digit of l(6)?
2
Let p be (-25)/2*(-4)/5. Suppose 5*r + 2*y + 18 = -2*y, 0 = 2*r - 4*y - 4. Let h = p - r. What is the tens digit of h?
1
Let c(m) = -m - 5. Let w be c(-6). What is the units digit of (w - -1) + (-1 - -12)?
3
Let l = 160 - -17. What is the units digit of l?
7
Suppose 0 = 5*w + 2 + 3. Let m(g) = -32*g**3 + 2*g**2 + g. What is the units digit of m(w)?
3
Let p be (-1)/1 + -12 + 4. Let t be 2/(30/p)*-5. Suppose -o + t = -1. What is the units digit of o?
4
Let q(c) = c - 2. Let u be q(4). Suppose -k - u = -3. What is the units digit of k?
1
Let g be (6/4)/(3/6). Suppose g = p - 2*l - 17, 0 = 5*p + 3*l - 113. What is the tens digit of p?
2
Suppose -2*q + 6*q = 20. Suppose q*j - 13 = t + 2*j, -25 = -5*t - 3*j. Suppose 5*a - 32 = -4*c, -c + 24 = 2*c + t*a. What is the units digit of c?
8
Let d(y) = -y**2 + 30*y + 1. What is the units digit of d(16)?
5
Let z be 4/10*(35 + 0). Let u = -21 + z. Let p = 16 + u. What is the units digit of p?
9
Let n be 2 - ((2 - 3) + -1). Suppose a - 32 = -2*h, 2*a - 22 = -5*h + n*h. What is the units digit of h?
4
Let h(f) = 34*f**2 + 2*f. What is the tens digit of h(2)?
4
Let q = 3 - 1. What is the units digit of 1 + (3 - q) - -19?
1
Let l(y) = 2*y**3 + 8*y**2 + 2*y - 5. Let j be l(-5). Let a = -21 - j. What is the tens digit of a?
4
Suppose -3*a = -p - 29, 2*a + 5*p + 2 = 4*a. Let f = 15 - a. Suppose f*z - 24 = -5*q, -2*z = -q - 0 + 16. What is the units digit of q?
8
Let u be 8*(-3)/6*1. What is the units digit of u/2 - (-11 + 1)?
8
Let j(s) = -8*s**3 - s**2 + 11*s + 10. What is the units digit of j(-3)?
4
Suppose -3*t + 3 = -3. What is the units digit of t?
2
Let t be (6/(-8))/(3/(-12)). Suppose -5*w + 3*w - 39 = -3*o, 4*w = -t*o + 21. Suppose n - o = -4. What is the units digit of n?
7
What is the tens digit of (-21)/(4/28*-1)?
4
Let x be (0 + -2)/((-4)/6). Suppose 5 = x*h - 8*h. What is the units digit of (-11)/(-1) - (h + 3)?
9
Let i(m) = -m**2 - 9*m + 3. What is the unit